pose -120 = -3*v - 6*b + 4*b, v - 3*b = 51. Let r = -29 + v. What is the units digit of r?
3
What is the hundreds digit of (2 + 64/(-3))/((-8)/1200)?
9
Suppose 0 = 3*t - 4*f - 2178, -5*t + 3613 = 10*f - 11*f. What is the tens digit of t?
2
Let l = 1009 + 1108. What is the thousands digit of l?
2
Let i = 1612 + -1004. What is the tens digit of i?
0
What is the hundreds digit of (1/12*-4)/(4/(-3516))?
2
Suppose d + 1 = 5. Let l be 4/(-14) + 2/7. Suppose k + 3*c - c - 3 = l, 0 = -d*c. What is the units digit of k?
3
Let p = -6 - -10. Suppose 0 = -p*f + 123 + 105. What is the tens digit of f?
5
Let w = -56 - -3. Let j = w - -65. What is the units digit of j?
2
Let v = 24 + -21. Suppose v*j - 36 - 69 = 0. What is the units digit of j?
5
Suppose 5*z - 20 = 10*z. What is the tens digit of z/(-20) + (-2 - 224/(-5))?
4
Suppose -3*l - 5 = -71. Suppose -l = 5*m - 2, -4*u - 4*m = 8. Suppose -u*y + 0*y + 24 = 0. What is the units digit of y?
2
What is the units digit of (-1 - -7) + -1 + (-7616)/(-17)?
3
Let t(v) = 90*v**3 + 2*v**2 - 3*v + 7. What is the hundreds digit of t(2)?
7
Suppose -4*o = -0 - 4. Let u = 5 - o. What is the units digit of (-10)/u*(-232)/20?
9
Suppose -5*n = 5*d + 615, -3*n + 0*d - 381 = -d. Let j = -10 - n. Suppose -2*a - y + 5*y + j = 0, -2*a = -5*y - 114. What is the tens digit of a?
6
Suppose -433 = -3*j + 737. What is the units digit of j?
0
Suppose -29*c = -14*c - 10740. What is the tens digit of c?
1
What is the tens digit of ((-18)/10)/((-20)/29900)?
9
Let b(c) = 6*c**2 + 13*c + 15. What is the tens digit of b(-10)?
8
Let b = 179 + 525. Suppose -b = -8*k - 0*k. What is the units digit of k?
8
Suppose -2*r + 14 = 2*t - 4, 4*t - 28 = -2*r. What is the units digit of (0 - 6)*24*r/(-9)?
4
Let v = 10200 + -6928. What is the hundreds digit of v?
2
Let c(p) = -p**3 + 3*p**2 - 3*p + 2. Let h be c(2). Suppose -4*q = -o - 16, h = 5*o - 6*q + 2*q. What is the units digit of o?
4
Let i(n) be the first derivative of 61*n**4/24 + n**3/3 + n**2/2 + 8. Let z(o) be the second derivative of i(o). What is the units digit of z(1)?
3
Suppose -10*z + 305 = -1365. What is the units digit of z?
7
Let c(p) = p**3 - 8*p**2. Let x = 1 - -7. Let g be c(x). Suppose g = 2*h - 4*s - 76 - 64, 0 = 4*h + 2*s - 330. What is the units digit of h?
0
Let p(k) = 5*k**2 + 3*k - 4. Let r be p(-3). Suppose 3*v - r = 22. What is the tens digit of 8/3*(v - 9)?
2
Let d(c) be the first derivative of c**4/4 - c**3 - 7*c**2/2 + 5*c - 9. Let q be d(4). Let f(j) = -j**3 - 7*j**2 - 3*j + 6. What is the tens digit of f(q)?
2
Let z(l) = -l**2 - 7*l. Let b be z(-7). Suppose -2*d + 3*i = b, -4*d - i + 3*i = 0. Suppose -4*j = -d*j - 72. What is the units digit of j?
8
Let d(f) = f - 2. Let t be (-119)/(-21) - 4/6. Let x be d(t). Let n = x - 0. What is the units digit of n?
3
Let x = 1007 + -241. What is the units digit of x?
6
Suppose -f + 2366 = 12*f. Suppose f = 3*u - 67. What is the tens digit of u?
8
Let u(p) = -18*p**2 - 2*p + 2. Let y be u(1). Let v be (y/30)/((-4)/100). What is the units digit of (3 + 95/v)*6?
6
Let h(c) = c. Suppose -35 = -3*o + 2*b - 7*b, 0 = 2*o + b - 14. Suppose -o - 35 = -5*g. What is the units digit of h(g)?
8
Let g(z) = -2*z**2 - 68*z - 32. What is the tens digit of g(-26)?
8
Let j(y) = y**2 - 3*y + 6. Let m be (-10)/35 - 104/28. What is the tens digit of j(m)?
3
Let q = 4922 - 2392. What is the units digit of q?
0
Suppose 2*i + 9 = 3*a, 3*a + 6*i = 2*i - 9. Suppose 5 = 3*c - a. Suppose c*b - 3 = b, 2*z - 3*b + 1 = 0. What is the units digit of z?
4
Let g be ((-12)/8)/((-6)/16). Suppose 0 = g*i + i + 210. What is the tens digit of (i + 0)/(-4 + 2)?
2
Let r(u) = -83*u + 348. What is the thousands digit of r(-20)?
2
Let q(m) = -m**3 - 8*m**2 - m - 33. Let c be q(-9). Suppose 3*i + 4*z + z = 83, 5*i = 3*z + 161. Let u = c - i. What is the tens digit of u?
2
Let w(g) = -2*g + 15. Let s be 8*(-52)/16*1. Let l = s + 15. What is the units digit of w(l)?
7
Suppose 10844 = -1443*c + 1447*c. What is the hundreds digit of c?
7
Let j = -33 + 32. What is the units digit of j/7 + (1920/28)/4?
7
Let x(f) = -3*f - 4. Let u be x(-3). Suppose q + 2*h - 3*h = 60, 0 = 5*h - u. What is the tens digit of q?
6
Suppose 8 = 10*v - 6*v. Suppose -v*j + 35 = -11. Let a = 43 - j. What is the tens digit of a?
2
Let v be ((-1)/(-3))/((-10)/150). What is the units digit of ((-9)/(-12))/((10/(-8))/v)?
3
Let w = 669 - 116. What is the units digit of w?
3
Let q(x) be the second derivative of x**6/180 + x**5/60 - x**4/6 - 2*x**3/3 - 8*x. Let b(p) be the second derivative of q(p). What is the units digit of b(5)?
6
Let a = -1 + 8. Suppose 4*b + a = 71. Let i = b - 8. What is the units digit of i?
8
Let h = -15 - -25. Let l(x) = -x**2 + 8*x + 16. Let o be l(h). Let b = o + 68. What is the tens digit of b?
6
Let v(m) be the third derivative of m**4/3 + 15*m**3/2 + 21*m**2. What is the hundreds digit of v(11)?
1
Suppose c - 7 = -4*r, 4*r - 20 - 1 = -3*c. Let n = 25 - c. Let h = n + -3. What is the units digit of h?
5
Let f(h) = -606*h - 90. What is the tens digit of f(-4)?
3
Let u(j) = 17*j**2 + 450*j + 37. What is the hundreds digit of u(-30)?
8
Let c(a) = a**3 - 5*a**2 + a - 2. Let p be c(5). Suppose 9 = -p*n + 4*n. Let z(y) = y + 14. What is the tens digit of z(n)?
2
Suppose 26*j = 19*j + 826. What is the units digit of j?
8
Let q(t) = 3*t**2 - 3*t - 4. Let p be q(4). Suppose 0 = -5*z - 178 - p. Let w = 59 + z. What is the units digit of w?
7
Suppose 5*z - 573 = -3*j - j, 3*j + 3*z = 426. Suppose 159 = 4*k - j. What is the tens digit of k?
7
Let k be 4/(-24) + 100/24. Suppose 0 = -k*q + 40 - 20. Suppose -l = 5*u + 4, -q*l + 10*l - 32 = u. What is the units digit of l?
6
Let g(k) = -k**3 + 17*k**2 - 24*k + 39. What is the tens digit of g(14)?
9
Suppose -35*p + 36*p = 5. Suppose -5*q = 3*k - 311, -244 = -4*q + k - p*k. What is the units digit of q?
4
Let r(a) be the second derivative of a**4/12 - a**3/2 - a**2/2 + 14*a. What is the units digit of r(8)?
9
Let h be (16 - -19)/(2/30). What is the units digit of 4/(192/h + (-6)/21)?
0
Let c(i) = 2*i**3 + 16*i**2 - 14*i - 47. What is the thousands digit of c(10)?
3
Let y be -60 + 3/(6/4). Suppose 5*u - 415 = 2*s, 24*s - 10 = 26*s. Let i = u + y. What is the tens digit of i?
2
Let r(o) = -3*o - 1 + o**3 + 8*o**2 - 3 + 0*o**3 - o. What is the tens digit of r(-7)?
7
Let z(a) = a**3 - 11*a**2 + 11*a - 11. Let x be z(10). Let r = x + 57. What is the tens digit of r?
5
Suppose 3*k - 5*o - 15 = -0*k, -6 = 2*o. Suppose 0 = -g + 3*g + 3*t - 62, k = 3*g - t - 93. Let u = 63 - g. What is the units digit of u?
2
Let z(v) = v**2 - 6*v - 4. Let o be z(7). Suppose o*j - 17 + 5 = 0. Let i = j + 19. What is the tens digit of i?
2
Let v(u) = 42*u**3. Let f = -154 - -155. What is the units digit of v(f)?
2
Let p(j) = 24*j - 15*j - 12 - 17. Let z(k) = -1. Let w(l) = p(l) - 2*z(l). What is the tens digit of w(8)?
4
Let f = -24 + 24. What is the units digit of (-4)/2*(f + (-20)/8)?
5
Suppose 2*w - 60 = -4*m, m + 4*w = 2*w + 21. Suppose 2*x = -2*l + 46, -2*x + 3*l + m + 28 = 0. What is the units digit of x?
2
Let g(b) = 2*b - 7. Let v(m) = m**3 - 4*m**2. Let l be v(4). Suppose l = -3*n - 4*x + 41, -4*n + 3*x = -1 - 37. What is the units digit of g(n)?
5
Let m(j) = -4*j**3 + 5*j**2 - 20*j - 2. Let u(a) = -7*a**3 + 11*a**2 - 39*a - 3. Let o(t) = 5*m(t) - 3*u(t). What is the tens digit of o(7)?
6
Let r(j) = 5*j**2 - j - 2. Suppose -2*b + 2*t = 0, b + 2*t - 4 = 2*b. What is the units digit of r(b)?
4
Suppose -6 = 2*j + 3*i - 8*i, 2*i - 6 = 2*j. Let m(y) = -y. Let l be m(-6). What is the units digit of (22/j)/(l/(-27))?
3
Let m(i) = -2*i**3 - 10*i**2 + 60*i - 7. What is the hundreds digit of m(-15)?
5
Let s = -282 + 423. What is the tens digit of s?
4
What is the units digit of 2/(-44)*4 - 12214/(-22)?
5
Suppose 4*y = -5*b + 588, 2*b - 122 = -y + 7*b. Suppose 4*q + 0*q - 253 = -3*g, -2*g + y = -4*q. Let p = 152 - g. What is the tens digit of p?
7
Suppose 4*c + 4*j - 100 = 0, 0 = 3*c - 0*c + 5*j - 73. What is the tens digit of (56 - 1) + c/(-13)?
5
Let c(z) = -4*z - 4. Let g be c(6). What is the tens digit of 2/(-7) - 2080/g?
7
Let o = -62 - -66. Suppose -3*j - 3*b + 72 = 0, 5*j = -o*b + 39 + 79. What is the tens digit of j?
2
Let l(t) = -2*t - 5. Let j be l(0). Let m =